is the tens digit of 155?
5
What is the units digit of 47012?
2
What is the thousands digit of 157747?
7
What is the tens digit of 5068?
6
What is the thousands digit of 9342?
9
What is the thousands digit of 141438?
1
What is the hundreds digit of 2851?
8
What is the thousands digit of 21520?
1
What is the hundreds digit of 1721?
7
What is the hundreds digit of 5701?
7
What is the tens digit of 7697?
9
What is the ten thousands digit of 13771?
1
What is the hundreds digit of 324?
3
What is the thousands digit of 66364?
6
What is the tens digit of 15045?
4
What is the thousands digit of 1429?
1
What is the thousands digit of 1105?
1
What is the ten thousands digit of 64561?
6
What is the thousands digit of 3350?
3
What is the units digit of 5079?
9
What is the hundreds digit of 42442?
4
What is the hundreds digit of 646?
6
What is the hundreds digit of 49527?
5
What is the hundreds digit of 877?
8
What is the units digit of 2404?
4
What is the ten thousands digit of 12759?
1
What is the tens digit of 579?
7
What is the thousands digit of 5142?
5
What is the hundreds digit of 3371?
3
What is the hundreds digit of 19251?
2
What is the hundreds digit of 589?
5
What is the hundreds digit of 83465?
4
What is the hundreds digit of 2045?
0
What is the units digit of 140?
0
What is the thousands digit of 50632?
0
What is the thousands digit of 54855?
4
What is the hundreds digit of 895?
8
What is the units digit of 2928?
8
What is the tens digit of 34271?
7
What is the tens digit of 3195?
9
What is the thousands digit of 24655?
4
What is the hundreds digit of 14662?
6
What is the thousands digit of 1826?
1
What is the thousands digit of 8121?
8
What is the units digit of 11185?
5
What is the hundreds digit of 375?
3
What is the ten thousands digit of 29442?
2
What is the tens digit of 1445?
4
What is the thousands digit of 122756?
2
What is the units digit of 22064?
4
What is the units digit of 5322?
2
What is the hundreds digit of 8789?
7
What is the units digit of 43480?
0
What is the hundreds digit of 49580?
5
What is the tens digit of 2572?
7
What is the tens digit of 1022?
2
What is the tens digit of 1176?
7
What is the units digit of 52374?
4
What is the units digit of 7891?
1
What is the thousands digit of 115281?
5
What is the hundreds digit of 16751?
7
What is the thousands digit of 1587?
1
What is the thousands digit of 1218?
1
What is the thousands digit of 42190?
2
What is the thousands digit of 3211?
3
What is the units digit of 36970?
0
What is the thousands digit of 5253?
5
What is the tens digit of 274?
7
What is the tens digit of 4597?
9
What is the thousands digit of 4584?
4
What is the tens digit of 17834?
3
What is the thousands digit of 4537?
4
What is the tens digit of 2017?
1
What is the tens digit of 1008?
0
What is the units digit of 19790?
0
What is the units digit of 2360?
0
What is the tens digit of 141?
4
What is the hundreds digit of 24095?
0
What is the tens digit of 64425?
2
What is the tens digit of 11810?
1
What is the thousands digit of 4253?
4
What is the ten thousands digit of 25638?
2
What is the hundreds digit of 947?
9
What is the hundreds digit of 722?
7
What is the units digit of 21017?
7
What is the tens digit of 1520?
2
What is the units digit of 1190?
0
What is the tens digit of 998?
9
What is the units digit of 1040?
0
What is the units digit of 2671?
1
What is the tens digit of 1396?
9
What is the hundreds digit of 1728?
7
What is the tens digit of 5674?
7
What is the hundreds digit of 612?
6
What is the thousands digit of 4943?
4
What is the tens digit of 678?
7
What is the units digit of 2581?
1
What is the units digit of 1333?
3
What is the units digit of 3496?
6
What is the units digit of 2041?
1
What is the hundreds digit of 211?
2
What is the tens digit of 43492?
9
What is the thousands digit of 1130?
1
What is the units digit of 1821?
1
What is the units digit of 5051?
1
What is the units digit of 2540?
0
What is the units digit of 12689?
9
What is the units digit of 99845?
5
What is the hundreds digit of 2640?
6
What is the tens digit of 1358?
5
What is the tens digit of 10990?
9
What is the tens digit of 1184?
8
What is the thousands digit of 4675?
4
What is the ten thousands digit of 13266?
1
What is the units digit of 3551?
1
What is the tens digit of 8092?
9
What is the units digit of 80762?
2
What is the tens digit of 2355?
5
What is the tens digit of 25439?
3
What is the tens digit of 11282?
8
What is the thousands digit of 37164?
7
What is the tens digit of 155?
5
What is the hundreds digit of 26709?
7
What is the hundreds digit of 188?
1
What is the units digit of 603?
3
What is the ten thousands digit of 11697?
1
What is the tens digit of 2333?
3
What is the tens digit of 15708?
0
What is the hundreds digit of 5730?
7
What is the hundreds digit of 3049?
0
What is the units digit of 3453?
3
What is the thousands digit of 7440?
7
What is the tens digit of 30514?
1
What is the tens digit of 645?
4
What is the tens digit of 26203?
0
What is the tens digit of 1019?
1
What is the units digit of 93?
3
What is the thousands digit of 2133?
2
What is the units digit of 359?
9
What is the hundreds digit of 780?
7
What is the units digit of 48?
8
What is the ten thousands digit of 70151?
7
What is the tens digit of 200?
0
What is the hundreds digit of 467?
4
What is the tens digit of 25069?
6
What is the tens digit of 1159?
5
What is the units digit of 44?
4
What is the thousands digit of 8693?
8
What is the units digit of 3838?
8
What is the units digit of 1737?
7
What is the thousands digit of 21981?
1
What is the tens digit of 91417?
1
What is the hundreds digit of 23104?
1
What is the hundreds digit of 8635?
6
What is the hundreds digit of 302?
3
What is the units digit of 816?
6
What is the tens digit of 477?
7
What is the units digit of 1270?
0
What is the thousands digit of 6614?
6
What is the thousands digit of 13230?
3
What is the ten thousands digit of 16886?
1
What is the hundreds digit of 392?
3
What is the hundreds digit of 6348?
3
What is the tens digit of 171047?
4
What is the tens digit of 3488?
8
What is the hundreds digit of 2099?
0
What is the hundreds digit of 237?
2
What is the hundreds digit of 106385?
3
What is the hundreds digit of 89401?
4
What is the units digit of 6242?
2
What is the units digit of 1212?
2
What is the units digit of 883?
3
What is the hundreds digit of 4900?
9
What is the tens digit of 30568?
6
What is the tens digit of 25117?
1
What is the hundreds digit of 63309?
3
What is the tens digit of 13021?
2
What is the hundreds digit of 586?
5
What is the hundreds digit of 8504?
5
What is the units digit of 2242?
2
What is the tens digit of 5412?
1
What is the units digit of 1314?
4
What is the hundreds digit of 422?
4
What is the tens digit of 27207?
0
What is the units digit of 1111?
1
What is the tens digit of 2370?
7
What is the hundreds digit of 28643?
6
What is the tens digit of 2662?
6
What is the units digit of 535?
5
What is the tens digit of 52616?
1
What is the thousands digit of 8029?
8
What is the tens digit of 98498?
9
What is the units digit of 91?
1
What is the units digit of 2290?
0
What is the thousands digit of 4205?
4
What is the tens digit of 8832?
3
What is the thousands digit of 57750?
7
What is the ten thousands digit of 16189?
1
What is the tens digit of 805?
0
What is the tens digit of 7479?
7
What is the tens digit of 740?
4
What is the thousands digit of 12806?
2
What is the units digit of 7128?
8
What is the thousands digit of 1716?
1
What is the units digit of 692?
2
What is the tens digit of 7970?
7
What is the thousands digit of 4065?
4
What is the hundreds digit of 3092?
0
What is the units digit of 25476?
6
What is the thousands digit of 5385?
5
What is the units digit of 42443?
3
What is the tens digit of 915?
1
What is the units digit of 743?
3
What is the tens digit of 1414?
1
What is the tens digit of 2026?
2
What is the tens digit of 991?
9
What is the units digit of 156?
6
What is the thousands digit of 1006?
1
What is the hundreds digit of 1924?
9
What is the units digit of 856?
6
What is the units digit of 5573?
3
What is the thousands digit of 20802?
0
What is the hundreds digit of 631?
6
What is the thousands digit